{"id":255,"date":"2025-10-12T22:03:31","date_gmt":"2025-10-12T22:03:31","guid":{"rendered":"https:\/\/gsmasociados.com.ar\/gsmasociados\/about-2\/"},"modified":"2025-11-23T13:57:30","modified_gmt":"2025-11-23T13:57:30","slug":"about-2","status":"publish","type":"page","link":"https:\/\/gsmasociados.com.ar\/gsmasociados\/about-2\/","title":{"rendered":"About"},"content":{"rendered":"\n<div class=\"wp-block-uagb-container uagb-block-398cb9f6 alignfull uagb-is-root-container\"><div class=\"uagb-container-inner-blocks-wrap\">\n<div class=\"wp-block-uagb-advanced-heading uagb-block-f3ca99db\"><p class=\"uagb-desc-text\">Innovaci\u00f3n Contable<\/p><h1 class=\"uagb-heading-text\">Transformamos tu gesti\u00f3n financiera con AI y experiencia<\/h1><\/div>\n<\/div><\/div>\n\n\n\n<div class=\"wp-block-uagb-container uagb-layout-grid uagb-block-fa1435f9 alignfull uagb-is-root-container\"><div class=\"uagb-container-inner-blocks-wrap\">\n<div class=\"wp-block-uagb-image uagb-block-e6668d8b wp-block-uagb-image--layout-default wp-block-uagb-image--effect-static wp-block-uagb-image--align-none\"><figure class=\"wp-block-uagb-image__figure\"><img decoding=\"async\" srcset=\"https:\/\/multipurpose-33.ziptemplates.top\/wp-content\/uploads\/2024\/06\/who-we-are.jpg ,https:\/\/multipurpose-33.ziptemplates.top\/wp-content\/uploads\/2024\/06\/who-we-are.jpg 780w, https:\/\/multipurpose-33.ziptemplates.top\/wp-content\/uploads\/2024\/06\/who-we-are.jpg 360w\" sizes=\"auto, (max-width: 480px) 150px\" src=\"https:\/\/multipurpose-33.ziptemplates.top\/wp-content\/uploads\/2024\/06\/who-we-are.jpg\" alt=\"Who We Are\" class=\"uag-image-19\" width=\"570\" height=\"500\" title=\"who-we-are\" loading=\"lazy\" role=\"img\"><\/figure><\/div>\n\n\n\n<div class=\"wp-block-uagb-container uagb-block-8116f50b\">\n<div class=\"wp-block-uagb-info-box uagb-block-22c66185 uagb-infobox__content-wrap  uagb-infobox-icon-above-title uagb-infobox-image-valign-top wp-block-uagb-info-box--has-margin\"><div class=\"uagb-infobox-margin-wrapper\"><div class=\"uagb-ifb-content\"><div class=\"uagb-ifb-title-wrap\"><p class=\"uagb-ifb-title-prefix\">\u00bfQui\u00e9nes somos?<\/p><h2 class=\"uagb-ifb-title\">Un estudio que redefine la contabilidad y las finanzas de empresas<\/h2><\/div><p class=\"uagb-ifb-desc\">En GSM &amp; Asociados hemos transformado la gesti\u00f3n contable de numerosas pymes y startups en Argentina, ofreciendo soluciones innovadoras que aportan claridad y permiten decisiones m\u00e1s efectivas, impulsando su crecimiento y adaptabilidad al mercado actual.<\/p><\/div><\/div><\/div>\n\n\n\n<div class=\"wp-block-uagb-advanced-heading uagb-block-9c1b1a1d\"><p class=\"uagb-heading-text\">Los resultados hablan por nosotros: nuestros clientes han reportado una mejora significativa en sus procesos contables y un crecimiento real en sus negocios, gracias a nuestra combinaci\u00f3n de inteligencia artificial y asesoramiento humano.<\/p><\/div>\n<\/div>\n<\/div><\/div>\n\n\n\n<div class=\"wp-block-uagb-container uagb-layout-grid uagb-block-7151de24 alignfull uagb-is-root-container\"><div class=\"uagb-container-inner-blocks-wrap\">\n<div class=\"wp-block-uagb-advanced-heading uagb-block-5336c70c\"><p class=\"uagb-desc-text\">Nuestra trayectoria<\/p><h2 class=\"uagb-heading-text\">Desde nuestro inicio hasta hoy<\/h2><\/div>\n\n\n\n<div class=\"wp-block-uagb-info-box uagb-block-37741989 uagb-infobox__content-wrap  uagb-infobox-icon-above-title uagb-infobox-image-valign-top wp-block-uagb-info-box--has-margin\"><div class=\"uagb-infobox-margin-wrapper\"><div class=\"uagb-ifb-content\"><div class=\"uagb-ifb-title-wrap\"><p class=\"uagb-ifb-title\">Fundado en un momento clave para la digitalizaci\u00f3n empresarial en Argentina, GSM &amp; Asociados naci\u00f3 con la misi\u00f3n de acompa\u00f1ar a pymes y startups en su evoluci\u00f3n. Desde nuestros inicios, hemos crecido de la mano de nuestros clientes, desarrollando servicios que anticipan las necesidades del mercado y generan un alto impacto en su gesti\u00f3n econ\u00f3mica.<\/p><\/div><p class=\"uagb-ifb-desc\">Hemos evolucionado desde un peque\u00f1o estudio hasta convertirnos en un referente en la innovaci\u00f3n contable, integrando tecnolog\u00eda y asesor\u00eda personalizada, lo que nos ha permitido establecer relaciones duraderas con nuestros clientes.<\/p><\/div><\/div><\/div>\n<\/div><\/div>\n\n\n\n<div class=\"wp-block-uagb-container uagb-block-a177b11e alignfull uagb-is-root-container\"><div class=\"uagb-container-inner-blocks-wrap\">\n<div class=\"wp-block-uagb-container uagb-block-7bdfbaaf\">\n<div class=\"wp-block-uagb-advanced-heading uagb-block-b10e0589\"><h2 class=\"uagb-heading-text\">Nuestra Misi\u00f3n<\/h2><p class=\"uagb-desc-text\">Impulsar la evoluci\u00f3n digital de empresas en Argentina mediante la optimizaci\u00f3n de la gesti\u00f3n contable y financiera a trav\u00e9s de la inteligencia artificial y un enfoque humano.<\/p><\/div>\n<\/div>\n\n\n\n<div class=\"wp-block-uagb-container uagb-block-d93f4c87\">\n<div class=\"wp-block-uagb-advanced-heading uagb-block-1c9e7d1d\"><h2 class=\"uagb-heading-text\">Nuestros Valores<\/h2><p class=\"uagb-desc-text\">Nos guiamos por la \u00e9tica, la innovaci\u00f3n y el compromiso con el crecimiento sostenible de nuestros clientes, buscando siempre soluciones simples pero efectivas.<\/p><\/div>\n<\/div>\n<\/div><\/div>\n\n\n\n<div class=\"wp-block-uagb-container uagb-block-589dc7bc alignfull uagb-is-root-container\"><div class=\"uagb-container-inner-blocks-wrap\">\n<div class=\"wp-block-uagb-advanced-heading uagb-block-047dddc0\"><p class=\"uagb-desc-text\">Nuestro Equipo<\/p><h2 class=\"uagb-heading-text\">Expertos en contabilidad y finanzas<\/h2><\/div>\n\n\n\n<div class=\"wp-block-uagb-container uagb-block-4309595f\">\n<div class=\"wp-block-uagb-container uagb-block-125341ba\">\n<div class=\"wp-block-uagb-image aligncenter uagb-block-900b86e7 wp-block-uagb-image--layout-default wp-block-uagb-image--effect-static wp-block-uagb-image--align-center\"><figure class=\"wp-block-uagb-image__figure\"><img decoding=\"async\" srcset=\"https:\/\/gsmasociados.com.ar\/gsmasociados\/wp-content\/uploads\/2025\/11\/Imagen-de-WhatsApp-2025-11-06-a-las-09.24.09_0b295f3c.jpg ,https:\/\/gsmasociados.com.ar\/gsmasociados\/wp-content\/uploads\/2025\/11\/Imagen-de-WhatsApp-2025-11-06-a-las-09.24.09_0b295f3c.jpg 780w, https:\/\/gsmasociados.com.ar\/gsmasociados\/wp-content\/uploads\/2025\/11\/Imagen-de-WhatsApp-2025-11-06-a-las-09.24.09_0b295f3c.jpg 360w\" sizes=\"auto, (max-width: 480px) 150px\" src=\"https:\/\/gsmasociados.com.ar\/gsmasociados\/wp-content\/uploads\/2025\/11\/Imagen-de-WhatsApp-2025-11-06-a-las-09.24.09_0b295f3c.jpg\" alt=\"imagen de whatsapp 2025 11 06 a las 09.24.09 0b295f3c\" class=\"uag-image-341\" width=\"240\" height=\"240\" title=\"imagen de whatsapp 2025 11 06 a las 09.24.09 0b295f3c\" loading=\"lazy\" role=\"img\"\/><\/figure><\/div>\n\n\n\n<div class=\"wp-block-uagb-advanced-heading uagb-block-92ecf845\"><p class=\"uagb-heading-text\">CPN &#8211; <a href=\"https:\/\/www.linkedin.com\/in\/cristian-gomez-5a590b28\/\">Cristian Gomez<\/a><\/p><p class=\"uagb-desc-text\">CEO Estudio GSM &amp; Asc<\/p><\/div>\n<\/div>\n\n\n\n<div class=\"wp-block-uagb-container uagb-block-03455474\">\n<div class=\"wp-block-uagb-image aligncenter uagb-block-6f1d6647 wp-block-uagb-image--layout-default wp-block-uagb-image--effect-static wp-block-uagb-image--align-center\"><figure class=\"wp-block-uagb-image__figure\"><img decoding=\"async\" srcset=\"https:\/\/gsmasociados.com.ar\/gsmasociados\/wp-content\/uploads\/2025\/11\/Imagen-de-WhatsApp-2025-10-20-a-las-21.01.44_cc4052e3-768x1024.jpg ,https:\/\/gsmasociados.com.ar\/gsmasociados\/wp-content\/uploads\/2025\/11\/Imagen-de-WhatsApp-2025-10-20-a-las-21.01.44_cc4052e3.jpg 780w, https:\/\/gsmasociados.com.ar\/gsmasociados\/wp-content\/uploads\/2025\/11\/Imagen-de-WhatsApp-2025-10-20-a-las-21.01.44_cc4052e3.jpg 360w\" sizes=\"auto, (max-width: 480px) 150px\" src=\"https:\/\/gsmasociados.com.ar\/gsmasociados\/wp-content\/uploads\/2025\/11\/Imagen-de-WhatsApp-2025-10-20-a-las-21.01.44_cc4052e3-768x1024.jpg\" alt=\"imagen de whatsapp 2025 10 20 a las 21.01.44 cc4052e3\" class=\"uag-image-334\" width=\"240\" height=\"240\" title=\"imagen de whatsapp 2025 10 20 a las 21.01.44 cc4052e3\" loading=\"lazy\" role=\"img\"\/><\/figure><\/div>\n\n\n\n<div class=\"wp-block-uagb-advanced-heading uagb-block-4b469db4\"><p class=\"uagb-heading-text\">CPN &#8211; <a href=\"https:\/\/www.linkedin.com\/in\/noelia-valdebenite-870156aa\/\">Noelia Valdebenite<\/a><\/p><p class=\"uagb-desc-text\">Esp. Impositiva-Contable<\/p><\/div>\n<\/div>\n\n\n\n<div class=\"wp-block-uagb-container uagb-block-d0fe84b2\">\n<div class=\"wp-block-uagb-image aligncenter uagb-block-9a8cf5db wp-block-uagb-image--layout-default wp-block-uagb-image--effect-static wp-block-uagb-image--align-center\"><figure class=\"wp-block-uagb-image__figure\"><img decoding=\"async\" srcset=\"https:\/\/gsmasociados.com.ar\/gsmasociados\/wp-content\/uploads\/2025\/11\/Imagen-de-WhatsApp-2025-10-21-a-las-08.42.34_ca476d41-898x1024.jpg ,https:\/\/gsmasociados.com.ar\/gsmasociados\/wp-content\/uploads\/2025\/11\/Imagen-de-WhatsApp-2025-10-21-a-las-08.42.34_ca476d41.jpg 780w, https:\/\/gsmasociados.com.ar\/gsmasociados\/wp-content\/uploads\/2025\/11\/Imagen-de-WhatsApp-2025-10-21-a-las-08.42.34_ca476d41.jpg 360w\" sizes=\"auto, (max-width: 480px) 150px\" src=\"https:\/\/gsmasociados.com.ar\/gsmasociados\/wp-content\/uploads\/2025\/11\/Imagen-de-WhatsApp-2025-10-21-a-las-08.42.34_ca476d41-898x1024.jpg\" alt=\"imagen de whatsapp 2025 10 21 a las 08.42.34 ca476d41\" class=\"uag-image-335\" width=\"240\" height=\"240\" title=\"imagen de whatsapp 2025 10 21 a las 08.42.34 ca476d41\" loading=\"lazy\" role=\"img\"\/><\/figure><\/div>\n\n\n\n<div class=\"wp-block-uagb-advanced-heading uagb-block-eee76b21\"><p class=\"uagb-heading-text\"><a href=\"https:\/\/www.linkedin.com\/in\/augusto-ali-a259ba372\/\">Augusto Ali<\/a><\/p><p class=\"uagb-desc-text\">Administrativo Contable<\/p><\/div>\n<\/div>\n\n\n\n<div class=\"wp-block-uagb-container uagb-block-e99b49c7\">\n<div class=\"wp-block-uagb-image aligncenter uagb-block-b583609d wp-block-uagb-image--layout-default wp-block-uagb-image--effect-static wp-block-uagb-image--align-center\"><figure class=\"wp-block-uagb-image__figure\"><img decoding=\"async\" srcset=\"https:\/\/gsmasociados.com.ar\/gsmasociados\/wp-content\/uploads\/2025\/11\/ChatGPT-Image-5-nov-2025-19_21_00.png ,https:\/\/gsmasociados.com.ar\/gsmasociados\/wp-content\/uploads\/2025\/11\/ChatGPT-Image-5-nov-2025-19_21_00.png 780w, https:\/\/gsmasociados.com.ar\/gsmasociados\/wp-content\/uploads\/2025\/11\/ChatGPT-Image-5-nov-2025-19_21_00.png 360w\" sizes=\"auto, (max-width: 480px) 150px\" src=\"https:\/\/gsmasociados.com.ar\/gsmasociados\/wp-content\/uploads\/2025\/11\/ChatGPT-Image-5-nov-2025-19_21_00.png\" alt=\"chatgpt image 5 nov 2025, 19 21 00\" class=\"uag-image-338\" width=\"240\" height=\"240\" title=\"chatgpt image 5 nov 2025, 19 21 00\" loading=\"lazy\" role=\"img\"\/><\/figure><\/div>\n\n\n\n<div class=\"wp-block-uagb-advanced-heading uagb-block-0013af43\"><p class=\"uagb-heading-text\">CPN &#8211; <a href=\"https:\/\/www.linkedin.com\/in\/yanina-truyols-4902a564\/\">Yanina Truyols<\/a><\/p><p class=\"uagb-desc-text\">Esp. Impositiva-Contable<\/p><\/div>\n<\/div>\n<\/div>\n<\/div><\/div>\n\n\n\n<div class=\"wp-block-uagb-container uagb-block-b06a72cb alignfull uagb-is-root-container\"><div class=\"uagb-container-inner-blocks-wrap\">\n<div class=\"wp-block-uagb-container uagb-block-2db8fc99\">\n<div class=\"wp-block-uagb-container uagb-block-b00c23c0\">\n<div class=\"wp-block-uagb-image aligncenter uagb-block-01fd5f3b wp-block-uagb-image--layout-default wp-block-uagb-image--effect-static wp-block-uagb-image--align-center\"><figure class=\"wp-block-uagb-image__figure\"><img decoding=\"async\" srcset=\"https:\/\/gsmasociados.com.ar\/gsmasociados\/wp-content\/uploads\/2025\/11\/Gisele.jpg ,https:\/\/gsmasociados.com.ar\/gsmasociados\/wp-content\/uploads\/2025\/11\/Gisele.jpg 780w, https:\/\/gsmasociados.com.ar\/gsmasociados\/wp-content\/uploads\/2025\/11\/Gisele.jpg 360w\" sizes=\"auto, (max-width: 480px) 150px\" src=\"https:\/\/gsmasociados.com.ar\/gsmasociados\/wp-content\/uploads\/2025\/11\/Gisele.jpg\" alt=\"gisele\" class=\"uag-image-352\" width=\"240\" height=\"240\" title=\"gisele\" loading=\"lazy\" role=\"img\"\/><\/figure><\/div>\n\n\n\n<div class=\"wp-block-uagb-advanced-heading uagb-block-f88c7af8\"><p class=\"uagb-heading-text\"><a href=\"https:\/\/www.linkedin.com\/in\/gisel-gomez-662380391\/?originalSubdomain=ar\">Gisel Gomez<\/a><br>Esp. Impositiva-Administrativa<\/p><\/div>\n<\/div>\n\n\n\n<div class=\"wp-block-uagb-container uagb-block-629fae88\">\n<div class=\"wp-block-uagb-image aligncenter uagb-block-1f63e7c4 wp-block-uagb-image--layout-default wp-block-uagb-image--effect-static wp-block-uagb-image--align-center\"><figure class=\"wp-block-uagb-image__figure\"><img decoding=\"async\" srcset=\"https:\/\/gsmasociados.com.ar\/gsmasociados\/wp-content\/uploads\/2025\/11\/descarga.gif ,https:\/\/gsmasociados.com.ar\/gsmasociados\/wp-content\/uploads\/2025\/11\/descarga.gif 780w, https:\/\/gsmasociados.com.ar\/gsmasociados\/wp-content\/uploads\/2025\/11\/descarga.gif 360w\" sizes=\"auto, (max-width: 480px) 150px\" src=\"https:\/\/gsmasociados.com.ar\/gsmasociados\/wp-content\/uploads\/2025\/11\/descarga.gif\" alt=\"descarga\" class=\"uag-image-345\" width=\"240\" height=\"240\" title=\"descarga\" loading=\"lazy\" role=\"img\"\/><\/figure><\/div>\n\n\n\n<div class=\"wp-block-uagb-advanced-heading uagb-block-2b2bad91\"><p class=\"uagb-heading-text\"><a href=\"https:\/\/www.linkedin.com\/in\/augusto-ali-a259ba372\/\">Mariano Soto<\/a><br>CPN &#8211; Administrativo Contable<\/p><\/div>\n<\/div>\n\n\n\n<div class=\"wp-block-uagb-container uagb-block-26a793f5\">\n<div class=\"wp-block-uagb-image aligncenter uagb-block-a081fad5 wp-block-uagb-image--layout-default wp-block-uagb-image--effect-static wp-block-uagb-image--align-center\"><figure class=\"wp-block-uagb-image__figure\"><img decoding=\"async\" srcset=\"https:\/\/gsmasociados.com.ar\/gsmasociados\/wp-content\/uploads\/2025\/11\/1758632461580.png ,https:\/\/gsmasociados.com.ar\/gsmasociados\/wp-content\/uploads\/2025\/11\/1758632461580.png 780w, https:\/\/gsmasociados.com.ar\/gsmasociados\/wp-content\/uploads\/2025\/11\/1758632461580.png 360w\" sizes=\"auto, (max-width: 480px) 150px\" src=\"https:\/\/gsmasociados.com.ar\/gsmasociados\/wp-content\/uploads\/2025\/11\/1758632461580.png\" alt=\"1758632461580\" class=\"uag-image-350\" width=\"240\" height=\"240\" title=\"1758632461580\" loading=\"lazy\" role=\"img\"\/><\/figure><\/div>\n\n\n\n<div class=\"wp-block-uagb-advanced-heading uagb-block-e6043536\"><p class=\"uagb-heading-text\">CPN &#8211;<a href=\"https:\/\/www.linkedin.com\/in\/sebasti%C3%A1n-mat%C3%ADas-san-mart%C3%ADn-\/overlay\/about-this-profile\/\">Sebasti\u00e1n Mat\u00edas San Mart\u00edn<\/a><br>Co Fundador <\/p><\/div>\n<\/div>\n<\/div>\n<\/div><\/div>\n\n\n\n<div class=\"wp-block-uagb-container uagb-block-82f7e11c alignfull uagb-is-root-container\"><div class=\"uagb-container-inner-blocks-wrap\">\n<div class=\"wp-block-uagb-info-box uagb-block-29a068cf uagb-infobox__content-wrap  uagb-infobox-icon-above-title uagb-infobox-image-valign-top\"><div class=\"uagb-ifb-content\"><div class=\"uagb-ifb-title-wrap\"><span class=\"uagb-ifb-title-prefix\">\u00danete a nosotros<\/span><h2 class=\"uagb-ifb-title\">Transforma la contabilidad de tu empresa hoy mismo<\/h2><\/div><p class=\"uagb-ifb-desc\">Cont\u00e1ctanos y descubre c\u00f3mo podemos ayudarte a maximizar tu potencial con soluciones contables innovadoras.<\/p><div class=\"uagb-ifb-button-wrapper wp-block-button\"><a href=\"contact\/\" class=\"uagb-infobox-cta-link wp-block-button__link\" target=\"_self\" rel=\"noopener noreferrer\" onclick=\"return true;\"><span class=\"uagb-inline-editing\">Cont\u00e1ctanos hoy<\/span><\/a><\/div><\/div><\/div>\n<\/div><\/div>\n","protected":false},"excerpt":{"rendered":"<p>Innovaci\u00f3n Contable Transformamos tu gesti\u00f3n financiera con AI y experiencia Los resultados hablan por nosotros: nuestros clientes han reportado una [&hellip;]<\/p>\n","protected":false},"author":2,"featured_media":0,"parent":0,"menu_order":0,"comment_status":"closed","ping_status":"closed","template":"","meta":{"_uag_custom_page_level_css":"","site-sidebar-layout":"default","site-content-layout":"","ast-site-content-layout":"default","site-content-style":"default","site-sidebar-style":"default","ast-global-header-display":"","ast-banner-title-visibility":"","ast-main-header-display":"","ast-hfb-above-header-display":"","ast-hfb-below-header-display":"","ast-hfb-mobile-header-display":"","site-post-title":"disabled","ast-breadcrumbs-content":"","ast-featured-img":"","footer-sml-layout":"","theme-transparent-header-meta":"","adv-header-id-meta":"","stick-header-meta":"","header-above-stick-meta":"","header-main-stick-meta":"","header-below-stick-meta":"","astra-migrate-meta-layouts":"default","ast-page-background-enabled":"default","ast-page-background-meta":{"desktop":{"background-color":"var(--ast-global-color-4)","background-image":"","background-repeat":"repeat","background-position":"center center","background-size":"auto","background-attachment":"scroll","background-type":"","background-media":"","overlay-type":"","overlay-color":"","overlay-opacity":"","overlay-gradient":""},"tablet":{"background-color":"","background-image":"","background-repeat":"repeat","background-position":"center center","background-size":"auto","background-attachment":"scroll","background-type":"","background-media":"","overlay-type":"","overlay-color":"","overlay-opacity":"","overlay-gradient":""},"mobile":{"background-color":"","background-image":"","background-repeat":"repeat","background-position":"center center","background-size":"auto","background-attachment":"scroll","background-type":"","background-media":"","overlay-type":"","overlay-color":"","overlay-opacity":"","overlay-gradient":""}},"ast-content-background-meta":{"desktop":{"background-color":"var(--ast-global-color-5)","background-image":"","background-repeat":"repeat","background-position":"center center","background-size":"auto","background-attachment":"scroll","background-type":"","background-media":"","overlay-type":"","overlay-color":"","overlay-opacity":"","overlay-gradient":""},"tablet":{"background-color":"var(--ast-global-color-5)","background-image":"","background-repeat":"repeat","background-position":"center center","background-size":"auto","background-attachment":"scroll","background-type":"","background-media":"","overlay-type":"","overlay-color":"","overlay-opacity":"","overlay-gradient":""},"mobile":{"background-color":"var(--ast-global-color-5)","background-image":"","background-repeat":"repeat","background-position":"center center","background-size":"auto","background-attachment":"scroll","background-type":"","background-media":"","overlay-type":"","overlay-color":"","overlay-opacity":"","overlay-gradient":""}},"footnotes":""},"class_list":["post-255","page","type-page","status-publish","hentry"],"uagb_featured_image_src":{"full":false,"thumbnail":false,"medium":false,"medium_large":false,"large":false,"1536x1536":false,"2048x2048":false},"uagb_author_info":{"display_name":"c1391927","author_link":"https:\/\/gsmasociados.com.ar\/gsmasociados\/author\/c1391927\/"},"uagb_comment_info":0,"uagb_excerpt":"Innovaci\u00f3n Contable Transformamos tu gesti\u00f3n financiera con AI y experiencia Los resultados hablan por nosotros: nuestros clientes han reportado una [&hellip;]","_links":{"self":[{"href":"https:\/\/gsmasociados.com.ar\/gsmasociados\/wp-json\/wp\/v2\/pages\/255","targetHints":{"allow":["GET"]}}],"collection":[{"href":"https:\/\/gsmasociados.com.ar\/gsmasociados\/wp-json\/wp\/v2\/pages"}],"about":[{"href":"https:\/\/gsmasociados.com.ar\/gsmasociados\/wp-json\/wp\/v2\/types\/page"}],"author":[{"embeddable":true,"href":"https:\/\/gsmasociados.com.ar\/gsmasociados\/wp-json\/wp\/v2\/users\/2"}],"replies":[{"embeddable":true,"href":"https:\/\/gsmasociados.com.ar\/gsmasociados\/wp-json\/wp\/v2\/comments?post=255"}],"version-history":[{"count":9,"href":"https:\/\/gsmasociados.com.ar\/gsmasociados\/wp-json\/wp\/v2\/pages\/255\/revisions"}],"predecessor-version":[{"id":353,"href":"https:\/\/gsmasociados.com.ar\/gsmasociados\/wp-json\/wp\/v2\/pages\/255\/revisions\/353"}],"wp:attachment":[{"href":"https:\/\/gsmasociados.com.ar\/gsmasociados\/wp-json\/wp\/v2\/media?parent=255"}],"curies":[{"name":"wp","href":"https:\/\/api.w.org\/{rel}","templated":true}]}}